 the highest common divisor of 32 and n?
16
Let d = 350 - 206. Calculate the greatest common divisor of d and 16.
16
Let l(j) = -j**3 + 32*j**2 - 31*j + 28. Let m be l(31). Suppose 2*v = -v + 756. Calculate the highest common factor of v and m.
28
Let m = -13 - -13. Suppose m = -4*q - 4*s + 28, q - 2*s - 28 = -4*q. Calculate the highest common divisor of q and 15.
3
Let t = 1002 + 498. Calculate the highest common divisor of 12 and t.
12
Suppose 4*f - w = 741, 4*f + 3*w + 2*w - 759 = 0. Let m(s) = s. Let r be m(-2). Let i be f/18 + r/6. Calculate the highest common divisor of i and 4.
2
Let j(a) = -5*a**2 - 19*a - 28. Let i(q) = -2*q**2 - 10*q - 14. Let l(h) = -7*i(h) + 3*j(h). Let u be l(11). Calculate the greatest common divisor of 54 and u.
18
Let s(j) = -2*j**3 - 11*j**2 + 10*j + 4. Let k be s(-7). Calculate the greatest common factor of k and 3.
3
Suppose 21*v = 34*v - 624. What is the highest common factor of v and 12?
12
Let m(u) = 4*u - 4. Let a be m(2). Let l(p) = 14*p + 11. Let i be l(-6). Let s = 117 + i. Calculate the greatest common factor of s and a.
4
Let j(u) = 4*u + 156. Let d be j(-24). Calculate the greatest common factor of 210 and d.
30
Let o = -77 - -80. Suppose 6 + 6 = o*k. What is the greatest common factor of k and 2?
2
Suppose 0 = -2*c + 45 - 15. Let t = -1088 - -1118. What is the greatest common divisor of t and c?
15
Let z(f) = 6*f**2 - 4*f - 10. Let p be z(-7). Let w = -191 + p. Let n(c) = -c**2 + 7*c + 1. Let l be n(5). Calculate the greatest common divisor of w and l.
11
Suppose -744 = -28*b - 3*b. Calculate the highest common factor of 64 and b.
8
Let m be 1 - -2 - 1 - -21. Let s be (-16)/176 + 1520/22 - 0. What is the highest common divisor of s and m?
23
Suppose 0 = 5*t + y - 288, 4*t - 2*t - 126 = -4*y. Let u be (1/3)/(3/171). Calculate the greatest common divisor of t and u.
19
Suppose q + 4 + 21 = 5*x, 0 = -4*x - 2*q + 6. Suppose -n = -2*o - 40, -x*n - 5*o = -2*o - 171. What is the greatest common factor of n and 14?
14
Let j = 1 - -3. Let m be j/10 - (-13)/5. Calculate the highest common factor of m and 12.
3
Let h(u) = -30*u - 8. Let n be h(-3). Calculate the greatest common divisor of n and 369.
41
Suppose -4*c + 0*u = -2*u - 50, -c + 4*u + 9 = 0. Let q be 126/5 + 12/15. What is the highest common factor of c and q?
13
Suppose 625 = 134*k - 3127. Suppose 2*n - 59 = 221. What is the greatest common factor of n and k?
28
Suppose -35 = -r - 22. Suppose -144 = s - r*s. Suppose 0 = -4*v + 3*g - 0*g + 41, g + 35 = 4*v. What is the greatest common factor of s and v?
4
Let n be 3/(6/2)*10. Suppose 0 = 2*w - 0*w - 4*l - 20, w - 3*l = n. Suppose 0 = -186*z + 183*z + 45. Calculate the greatest common factor of w and z.
5
Let j(n) = n**3 - 2*n**2 - n + 6. Let m be j(6). Let c(a) = 3*a**2 - 8*a - 35. Let s be c(-3). What is the greatest common divisor of s and m?
16
Suppose 23 = -7*j + 79. Let c(t) = t + 64. Let x be c(0). What is the highest common divisor of j and x?
8
Suppose 0 = -5*k + 2*k - 33. Let n be 2/k - 1316/22. Let y be (5/15)/((-1)/n). Calculate the highest common factor of 5 and y.
5
Suppose 3*n + 2*s = 48, 10 = -4*n + 3*s + 74. Calculate the highest common divisor of n and 108.
4
Suppose -3*q + 6*i = i, -2*q = -5*i. Suppose q = -16*d + 10*d + 174. Calculate the greatest common factor of 261 and d.
29
Let i = 2706 + -1817. What is the highest common factor of i and 127?
127
Suppose -38*j - 4 = -x - 41*j, 2*x - 18 = -j. Suppose -6*r + r = -400. What is the greatest common divisor of x and r?
10
Suppose -4*b - 144 = -8*b. Let k be (-4)/5 - b/(-20). Let x be (7 + (-2)/1)*k. What is the highest common factor of x and 20?
5
Suppose q = 7*q - 24. Suppose -o - 5*d = -2 - 1, -o = q*d - 3. What is the highest common divisor of o and 15?
3
Suppose 14*m - 103 - 205 = 0. What is the highest common divisor of m and 220?
22
Let f(a) = 103*a - 218. Let s be f(8). What is the highest common factor of s and 6?
6
Let f(h) = -2*h**3 + 8*h**2 + 11*h - 3. Let i be f(5). Let c be (-3)/(-12)*-10*-8. What is the highest common factor of c and i?
2
Let q be (1 + -7)*(-1)/2. Let u = 1 + q. Suppose -j + u*j - 243 = 0. Calculate the greatest common divisor of 54 and j.
27
Let q = 99 + -9. Let t = -87 + q. What is the highest common divisor of 9 and t?
3
Let b be (-973)/14 - 1/2. Let h = b - -158. Let v = -18 - -29. Calculate the highest common factor of h and v.
11
Suppose 0 = 3*p - 5*p + 550. Calculate the highest common divisor of 110 and p.
55
Let r = -17 + 20. Suppose -r*y = -1 - 14. Suppose -y*s = -2*s - 384. What is the greatest common factor of 16 and s?
16
Let z(n) = 4*n**2 + 72*n - 11. Let c be z(-19). Suppose 7*v = -0*v + 91. What is the greatest common factor of v and c?
13
Suppose 11*s - 12 = 7*s. Suppose 0 = 2*j - 4*v - 28, 0*v - 57 = -5*j - s*v. Let b = -25 + 157. What is the highest common divisor of j and b?
12
Let t be -16 + (-7 + 3)/1. Let h = t + 22. Suppose -h*w - 31 = -87. Calculate the greatest common factor of w and 42.
14
Let k be (-466)/(-9) - (-4)/18. Let x = k + -34. What is the greatest common factor of x and 18?
18
Let f(u) = u**3 + 6*u**2 - 2*u - 7. Let i be -4*(-1)/4 + -6. Let o be f(i). Suppose -5 = -r + o. Calculate the greatest common factor of 3 and r.
3
Let s be 15/10 + (-54)/(-4). Let v be ((-6)/1 + 2)*-1. Let g = s + v. Calculate the highest common factor of 133 and g.
19
Let h(f) = f**3 + 9*f**2 + 4*f - 2. Let b be h(-4). Let t = 4 - 10. Let s = b + t. Calculate the greatest common factor of s and 14.
14
Let x(g) = -10*g + 10 - 1 - 19. Let q be x(-9). Suppose q - 630 = -2*o. Calculate the greatest common divisor of o and 25.
25
Suppose -28*d - 33 + 873 = 0. What is the highest common factor of d and 6?
6
Let b(h) = h + 4 + h + 3*h + 6*h**2. Let y be b(-2). Let u = y + -6. What is the highest common divisor of u and 12?
12
Let d(g) = g**3 - 6*g**2 - 7*g + 15. Let t be d(7). Let r = -13 + 8. Let m be 2/((-1)/(r/2)). What is the highest common divisor of m and t?
5
Let x = 779 + -494. Calculate the greatest common factor of x and 75.
15
Suppose 44 = -3*k + 4*k. Let j(x) = 18*x + 274. Let v be j(-14). What is the greatest common factor of k and v?
22
Let l = 664 + 543. Calculate the greatest common divisor of l and 34.
17
Let l(n) = -n**2 + 4. Let u be l(0). Suppose -5*x + 36 + u = 0. Let h = x - 7. Calculate the greatest common divisor of 8 and h.
1
Let i be (-18 - -25)*3976/8. What is the greatest common factor of i and 71?
71
Suppose 11*s - 348 = 2820. What is the highest common factor of s and 18?
18
Suppose 2*x + 3*x - 125 = 0. Let k = x + -24. Calculate the greatest common divisor of 1 and k.
1
Let s(j) = 22*j - 12. Let q be s(12). What is the greatest common factor of 36 and q?
36
Let b = 21 - 23. Let a be (b/(-2))/(3/(-576)*-6). What is the greatest common divisor of a and 352?
32
Suppose 2*o - 570 = -3*o. Suppose -3*h + o = 3*h. What is the highest common factor of 57 and h?
19
Let v(l) = l**3 - 18*l**2 + 19*l - 1. Let d be v(17). Suppose -r + 0*m = -5*m - 16, -4*r + 46 = -2*m. What is the highest common divisor of d and r?
11
Suppose -20 = 1335*m - 1340*m. Calculate the highest common factor of m and 92.
4
Let n = 672 + -567. Calculate the greatest common divisor of 63 and n.
21
Let h = 658 + -371. Suppose 2*o - h + 47 = -4*n, -4*o + 510 = 2*n. Calculate the highest common divisor of 26 and o.
26
Let p = 206 - 168. Let m(v) = 303*v**2 + 2*v - 1. Let i be m(1). What is the highest common divisor of p and i?
38
Suppose 4*u + 1844 = -4*q, -3*u - 1387 = 3*q + q. Let j = -201 - u. Calculate the highest common factor of j and 16.
16
Suppose 5*x - 2*m - 3*m = 50, 5*m = x - 30. What is the greatest common factor of x and 11?
1
Let d be ((-80)/(-12) + -2)/((-6)/(-261)). What is the greatest common divisor of d and 667?
29
Let y = -326 + 368. Calculate the highest common divisor of 483 and y.
21
Let d be 10*-1 - (22 - 46). Calculate the highest common divisor of d and 7.
7
Let u = -600 + 611. What is the greatest common factor of u and 913?
11
Suppose 2*y = 5*j - 42, -5*y - 30 = 5*j - 10*j. Calculate the greatest common divisor of 5 and j.
5
Let o = -1586 + 1601. Let q be -1 + 1 + (-3 - -18). Calculate the greatest common factor of o and q.
15
Let z(h) = -35*h - 10. Let i be 20/(-25)*(1/2 + 